What is the remainder when 3414565 is divided by 26264?
245
What is the remainder when 236265 is divided by 78298?
1371
What is the remainder when 1538913 is divided by 1556?
29
What is the remainder when 455078 is divided by 8749?
130
What is the remainder when 971280543 is divided by 14?
9
Calculate the remainder when 768290 is divided by 848.
2
Calculate the remainder when 253720 is divided by 40.
0
Calculate the remainder when 315737 is divided by 39228.
1913
What is the remainder when 265323 is divided by 2158?
2047
What is the remainder when 21726774 is divided by 2070?
54
Calculate the remainder when 27927 is divided by 6834.
591
Calculate the remainder when 5497714 is divided by 36.
10
What is the remainder when 10279363 is divided by 132?
127
Calculate the remainder when 29858098 is divided by 1728.
1714
Calculate the remainder when 1974128 is divided by 202.
184
What is the remainder when 30945 is divided by 10298?
51
What is the remainder when 96009057 is divided by 217?
11
What is the remainder when 6120 is divided by 1446?
336
What is the remainder when 2660591 is divided by 110?
21
Calculate the remainder when 84241452 is divided by 84241447.
5
Calculate the remainder when 183157665 is divided by 61052543.
36
Calculate the remainder when 206659711 is divided by 1727.
1710
Calculate the remainder when 364854395 is divided by 5067.
5060
What is the remainder when 1253543 is divided by 299?
135
Calculate the remainder when 91623 is divided by 597.
282
Calculate the remainder when 324266 is divided by 19945.
5146
What is the remainder when 13580454 is divided by 47?
39
Calculate the remainder when 2401421 is divided by 1009.
1
Calculate the remainder when 12231011 is divided by 6115498.
15
What is the remainder when 938938 is divided by 104326?
4
Calculate the remainder when 27318231 is divided by 21.
3
What is the remainder when 81803 is divided by 1622?
703
What is the remainder when 11990284 is divided by 78883?
68
What is the remainder when 110385 is divided by 9056?
1713
What is the remainder when 984275 is divided by 31?
25
Calculate the remainder when 1567680 is divided by 9559.
4
Calculate the remainder when 2671830 is divided by 142.
100
Calculate the remainder when 24110357 is divided by 678.
677
Calculate the remainder when 809541 is divided by 73588.
73
Calculate the remainder when 2382299 is divided by 793902.
593
Calculate the remainder when 102795 is divided by 50048.
2699
Calculate the remainder when 14629975 is divided by 744.
703
Calculate the remainder when 384410933 is divided by 3026.
3023
What is the remainder when 21274125 is divided by 151958?
5
What is the remainder when 23083 is divided by 1298?
1017
What is the remainder when 17930372 is divided by 38?
34
What is the remainder when 1601453 is divided by 1077?
1031
Calculate the remainder when 42845 is divided by 4215.
695
Calculate the remainder when 525422 is divided by 104644.
2202
What is the remainder when 70825 is divided by 2820?
325
Calculate the remainder when 923370 is divided by 3140.
210
Calculate the remainder when 1143701 is divided by 1143668.
33
Calculate the remainder when 12717647 is divided by 18220.
87
What is the remainder when 17349564 is divided by 131?
55
What is the remainder when 104892810 is divided by 9?
6
Calculate the remainder when 3643 is divided by 1408.
827
What is the remainder when 1269548 is divided by 6018?
5768
Calculate the remainder when 36573402 is divided by 464.
458
What is the remainder when 84307 is divided by 26951?
3454
What is the remainder when 11349778 is divided by 164?
158
What is the remainder when 607403 is divided by 155?
113
Calculate the remainder when 375953 is divided by 6369.
182
Calculate the remainder when 281379 is divided by 16.
3
What is the remainder when 2517515 is divided by 9188?
3
Calculate the remainder when 1046163 is divided by 2589.
207
Calculate the remainder when 236683 is divided by 3287.
19
Calculate the remainder when 367272 is divided by 36727.
2
Calculate the remainder when 25684 is divided by 574.
428
Calculate the remainder when 7481396 is divided by 831262.
38
What is the remainder when 31904 is divided by 5400?
4904
What is the remainder when 17988 is divided by 3970?
2108
Calculate the remainder when 295095 is divided by 13266.
3243
What is the remainder when 21731 is divided by 31?
0
What is the remainder when 221686 is divided by 300?
286
What is the remainder when 3676318 is divided by 216254?
0
What is the remainder when 5568480 is divided by 46?
42
Calculate the remainder when 5651355 is divided by 2860.
2855
Calculate the remainder when 13351235 is divided by 14310.
5
What is the remainder when 34497 is divided by 6764?
677
Calculate the remainder when 1575492 is divided by 36.
24
Calculate the remainder when 48758585 is divided by 550.
535
Calculate the remainder when 9761612 is divided by 9.
5
What is the remainder when 45680 is divided by 5676?
272
Calculate the remainder when 347276 is divided by 2256.
2108
What is the remainder when 15118111 is divided by 23622?
31
What is the remainder when 2042444 is divided by 63?
47
What is the remainder when 467118 is divided by 19463?
6
Calculate the remainder when 1804905 is divided by 56.
25
What is the remainder when 11182 is divided by 911?
250
Calculate the remainder when 33395 is divided by 2780.
35
Calculate the remainder when 365787 is divided by 162.
153
Calculate the remainder when 3453275 is divided by 1151085.
20
What is the remainder when 18267728 is divided by 14?
10
What is the remainder when 3390210 is divided by 174?
168
What is the remainder when 676887 is divided by 75189?
186
What is the remainder when 23779 is divided by 5871?
295
What is the remainder when 36821022 is divided by 18410508?
6
Calculate the remainder when 1292233 is divided by 107685.
13
Calculate the remainder when 2112187 is divided by 7544.
7411
What is the remainder when 40579243 is divided by 780370?
3
What is the remainder when 106857 is divided by 195?
192
Calculate the remainder when 19242213 is divided by 74.
67
Calculate the remainder when 223320927 is divided by 9917.
4
Calculate the remainder when 124066 is divided by 3024.
82
What is the remainder when 527790 is divided by 12?
6
What is the remainder when 129651 is divided by 6476?
131
Calculate the remainder when 8617364 is divided by 56.
28
What is the remainder when 34102 is divided by 11330?
112
Calculate the remainder when 91674 is divided by 323.
265
Calculate the remainder when 1045547 is divided by 13578.
41
What is the remainder when 1468649 is divided by 4256?
329
What is the remainder when 13947 is divided by 192?
123
Calculate the remainder when 1949534 is divided by 1949532.
2
What is the remainder when 843551 is divided by 2503?
40
What is the remainder when 57703893 is divided by 401?
394
Calculate the remainder when 303610 is divided by 149150.
5310
What is the remainder when 1247610 is divided by 311459?
1774
What is the remainder when 38099451 is divided by 1589?
1587
What is the remainder when 40755 is divided by 8062?
445
Calculate the remainder when 1121401 is divided by 86260.
21
What is the remainder when 36331 is divided by 10425?
5056
What is the remainder when 414250 is divided by 2780?
30
Calculate the remainder when 2079113 is divided by 231010.
23
Calculate the remainder when 443532 is divided by 3214.
0
What is the remainder when 425197420 is divided by 25?
20
Calculate the remainder when 1441118 is divided by 11.
8
Calculate the remainder when 195247350 is divided by 2359.
2356
What is the remainder when 159596 is divided by 3197?
2943
Calculate the remainder when 20991109 is divided by 1393.
1385
Calculate the remainder when 12230301 is divided by 3739.
32
What is the remainder when 1112142 is divided by 979?
977
Calculate the remainder when 368157 is divided by 16568.
3661
Calculate the remainder when 2517 is divided by 2114.
403
What is the remainder when 54872734 is divided by 299851?
1
Calculate the remainder when 500558 is divided by 248584.
3390
What is the remainder when 9057852 is divided by 4?
0
Calculate the remainder when 54664 is divided by 5249.
2174
What is the remainder when 8257443 is divided by 412871?
23
Calculate the re